
Let r(u) = -965 - u**2 + 2913 - 988 - 998 - 41*u + 15*u. Calculate r(-25).
-13
Let i(j) = -2*j**2 + j + 2. Suppose 13*z + 19*z = -32. Let w(f) = -3*f**2 + f + 8. Let n(q) = z*i(q) + w(q). Determine n(0).
6
Let d(k) = -4 - 10*k**2 + k**3 + 2*k**2 + 8*k - 2*k**2 + 14. Let p be (-3)/2*8/(-3). Let s be -1 + p + 7 + -1. What is d(s)?
1
Let x(y) = -3*y - 5. Let r(j) = -j - 4. Let a(w) = 3*r(w) - 2*x(w). Let k be 24/6*(-12)/16. Determine a(k).
-11
Let f(g) be the third derivative of -1/3*g**3 - g**2 + 0 - 1/120*g**6 - 1/20*g**5 + 1/6*g**4 - 23*g. Determine f(-4).
-2
Suppose r - 5 = m - 3, 4*m = -r + 17. Let y(z) = 6 + z + z - z**m - 6. Suppose -2*x + 2 = -x. Determine y(x).
-4
Let d(y) = 7*y**2 - 23*y - 2. Let t(o) = -12*o**2 + 44*o + 1. Let j(m) = 13*d(m) + 7*t(m). Give j(2).
27
Suppose -218*g - 275 = -193*g. Let l(m) be the first derivative of -m**2/2 - 12*m - 6. What is l(g)?
-1
Let d(u) = -u**3 + 24*u**2 - 38*u - 131. Let o be d(22). Let r(f) = -13*f**3 + f**2 + 4*f - 4. What is r(o)?
-12
Let o(c) be the first derivative of 1/2*c**2 + 30*c + 83 + 1/3*c**3. What is o(0)?
30
Let o = 1 + -1. Suppose -2*j + 7*j + 20 = o. Let c(y) = 327*y**3 + 4 - 347*y**2 + 7*y - 326*y**3 + 354*y**2. Determine c(j).
24
Let y(d) be the second derivative of d**7/2520 - 7*d**6/720 + 3*d**5/40 - d**4/12 - 2*d**3 + 121*d. Let b(z) be the third derivative of y(z). What is b(6)?
3
Let r(q) = -5*q**2 - 22. Let p(v) = 12*v**2 + 5*v + 42. Let b(x) = 2*p(x) + 5*r(x). Determine b(3).
-5
Let w be (-640)/(-14) - ((-352)/56 - -6). Let r(u) = 2 + 47*u**2 - 6*u + 0 - w*u**2 - u. What is r(7)?
2
Let t(l) = -3*l - 63. Let g = -28408 - -28389. Calculate t(g).
-6
Let i(q) = q**3 + 6*q**2 + 54*q + 98. Let m be i(-2). Let c(w) be the second derivative of 3/2*w**2 + 0 - 1/3*w**3 - w. Calculate c(m).
-9
Let h(i) = 4*i + 3. Suppose r + 2 = u, -5*r - 3*u + 1 = -21. Determine h(r).
11
Suppose c = 2*c, 4*r = -4*c - 12. Let w be (42/r)/((-39)/(-45) + -1). Let l(a) = -3*a - 104 - w + 214. Calculate l(4).
-7
Let c = 112 + -103. Suppose -7*i - 6 = -c*i. Let w(j) = 2*j**2 - 3*j - 1. Let p(q) = 1. Let a(k) = 5*p(k) + w(k). Determine a(i).
13
Let o(m) = -38*m**3 - 7*m**2 + 6*m + 9. Let y(s) = 27*s**3 + 5*s**2 - 4*s - 6. Let u(p) = -5*o(p) - 7*y(p). Calculate u(2).
1
Let j(i) = -i + 12. Let c be j(6). Let q(d) = 4*d + 14 + 45*d**2 + d - 47*d**2 + c*d - 3. Give q(6).
5
Let t be (8 - (0 - -5))*(1 - 0). Let s(x) = 2777 + x**3 - x + 3*x**2 + x**t - 2779. Suppose -3 = 3*v - i, -v - 8 = 2*i - 0. What is s(v)?
-4
Let l(f) = -7*f**2 - 3*f + 40. Let u(m) = 23*m**2 + 10*m - 130. Let h(g) = -10*l(g) - 3*u(g). Calculate h(5).
15
Let h(g) = 10*g + 9. Suppose 0 = -l - 5*y, 1 = 2*y + 2*y - 3*y. Give h(l).
-41
Let v(s) = -7*s - 21. Let l(r) = 6 + 10*r + 3 - 7*r - 8*r. Let n(a) = 3*a - 4. Let x(g) = -6*l(g) - 11*n(g). Let b(p) = -4*v(p) + 9*x(p). Give b(5).
-1
Let n(k) = -k**2 + 39*k - 10. Suppose 2*x - 68 = -2*t, 0 = -2*t + 508*x - 506*x + 84. Determine n(t).
28
Let j(n) = 6*n**2 - 11*n + 6. Let o(g) = 8*g**2 - 10*g + 4. Let a(u) = -3*j(u) + 2*o(u). Let w(d) = 2*d - 40. Let y be w(23). Determine a(y).
-4
Let i(x) = x**3 + 3*x**2 + 7*x + 2. Let s(n) = -n**2 + n. Suppose 5*f = 2*f + 3*u - 9, 20 = 5*u. Let g(q) = f*i(q) - 3*s(q). Calculate g(-2).
10
Let b(g) = 2*g**2 - 62*g + 264. Suppose 3180 - 3055 = 25*n. What is b(n)?
4
Let y(i) = -2*i**2 + 12*i - 5. Let h be y(5). Let r(z) = 7 - 10 - 5 - z**2 + 14*z + h. Give r(13).
10
Let q(f) be the third derivative of f**4/8 - 17*f**3/6 + 2*f**2 - 10*f. Calculate q(11).
16
Let w be (412 - 421) + (-6)/(-2). Let x(v) = -12*v - 71. What is x(w)?
1
Let j be 48/12 + 3/(-1). Let c(r) be the third derivative of 2*r**2 - 1/6*r**3 + 1/8*r**4 + 0 + 0*r. Give c(j).
2
Let y(r) = -r**2 + 2*r + 2. Let m(x) = -4*x**2 + 9*x + 21. Let f(i) = -m(i) + 5*y(i). Suppose -5*t = -10 - 15. Let b = t - 5. Give f(b).
-11
Let j(n) = n**3 - n**2 + 7*n - 20. Let s be (-240)/660 - (-47)/99 - 34/(-18). Determine j(s).
-2
Let q(r) be the third derivative of 0*r + 1/24*r**4 + 1/6*r**5 + 120*r**2 + 1/120*r**6 + 0 + 13/6*r**3. What is q(-10)?
3
Let l(g) = 3 - 3 - 346*g + 179*g + 205*g. Give l(1).
38
Let j(f) = -111 - 175 - 14 - 38*f. Determine j(-8).
4
Let c(l) = 42*l**3 + l**2 - l - 3. Let p(g) = -294*g**3 - 8*g**2 + 7*g + 23. Let q(z) = -15*c(z) - 2*p(z). Determine q(-1).
41
Let a be 0/(-11 + 12 + -2 + -1). Let s(r) = -r + r**2 + 59977 + a*r - 59981. What is s(0)?
-4
Let z(u) = -u**3 + 2*u**2 + 102*u + 30. Let p be z(-9). Let c(s) be the first derivative of -5 + 1/3*s**3 + 3/2*s**2 - p*s. Determine c(-3).
-3
Let x(y) = -y**2 - 26*y - 115. Let m be x(-19). Suppose -14*n = 38 + m. Let s(p) = -p**3 - 5*p**2 - 7*p - 8. Calculate s(n).
4
Let m(i) = 0*i**3 - 3 + 8*i - i**3 + 4 + 6*i**2. Let n be 1/3 + 2/(-6) - -23. Suppose 5*f - 3 = 5*k + 27, -n = -4*f + 5*k. Calculate m(f).
8
Suppose -o + 0*o = 0. Let w(h) be the second derivative of h**4/24 - h**3/3 - 113*h**2/2 + 95*h. Let u(j) be the first derivative of w(j). Determine u(o).
-2
Let w(p) = 9 - 2 + 40*p - 34*p - 17 - 2*p**2. Give w(5).
-30
Suppose 0 = -5*s - 3*y + 35, -s + 26 = -3*y + 37. Let a(q) = -2*q**2 + 19*q + 5. Let i(t) = -t**2 + 8*t + 2. Let j(z) = s*a(z) - 9*i(z). What is j(-3)?
-1
Let q(i) = i**2 + 2*i - 4. Suppose 0 = 940*b - 949*b + 81. What is q(b)?
95
Let f(l) = -l**3 + 4*l**2 + 18*l - 8. Let i(x) = x**3 - 4*x**2 - 20*x + 9. Let w be 2 + -15*(-5)/(13 - -2). Let v(g) = w*f(g) + 6*i(g). Calculate v(5).
3
Let c(u) = -u - 2. Let h be ((-4)/(0 + -4))/(3/147). Let a = h + -45. What is c(a)?
-6
Let z(f) = -3*f**2 + 1. Let t(r) be the second derivative of 5*r**4/12 - 7*r**3/6 - 3*r**2 - 9*r + 4. Let n(b) = t(b) + 2*z(b). What is n(-7)?
-4
Let u be (-14)/(-4) + 11/(-22) - (23 + -21). Let z(k) = -34*k**3 + k**2 + k - 2. Give z(u).
-34
Suppose 6 = 2*y - y. Let l(c) = 110*c**2 - 18*c + 74. Let j(w) = 122*w**2 - 19*w + 82. Let u(t) = 9*j(t) - 10*l(t). Calculate u(y).
-20
Let m be ((-12*1)/(-4) + -4)/(49/(-343)). Let d(u) = -u**3 + 8*u**2 - 6*u + 1. What is d(m)?
8
Let f(q) be the second derivative of q**4/8 - q**3/3 - 5*q**2 + 2*q - 22. Let m(d) be the first derivative of f(d). Give m(-3).
-11
Let b(x) = x**2 - 13 + 8*x + x**3 - 2*x**2 + 11*x**2 + 2. Let i = -358 - -349. What is b(i)?
-2
Let w be 29/(290/40) + -17. Let p(g) = -5*g - 49. Determine p(w).
16
Let q be (-393)/5*16/48*-5. Let u(y) = -y**3 + 8*y**2 + 11*y - 6. Let g be u(7). Let b(l) = q*l**2 + 5*l - g*l**2 - 4*l. Determine b(-1).
10
Let g be 2/14*3 + (-60)/(-7). Let m(n) = -11*n + 9 - 19*n**2 + 5*n**2 + 10*n**2 + 7*n**2 + 7*n**2 - n**3. Determine m(g).
-9
Let c(x) = 6 + 12*x**2 - 534*x**3 + 533*x**3 + 18. Calculate c(12).
24
Let s be 628/9 - (-688)/3096. Suppose j - 1 = 2. Let u(y) = 3*y - y**j - 2*y + s*y**2 - 31*y**2 - 36*y**2. Determine u(2).
6
Let b(a) = -a**2 + 10*a - 9. Let w = -3876 + 3883. Give b(w).
12
Let g(s) = -12*s + 43 - 9*s - 10*s + 7*s + 2*s. Determine g(2).
-1
Let l be -4 - -8 - (-1 - -22). Let y = 19 + l. Let k be y + (4 - (1 - -3)). Let i(r) = 3*r**3 - 2*r**2 + r - 1. Give i(k).
17
Let f(v) = -2*v. Let m = -49 + 43. Let l be (-37 - m)/(3/9*3). Let o = -30 - l. Calculate f(o).
-2
Let v(s) = -27*s + 59*s - 4 - 1 + 2 - 3*s. Determine v(2).
55
Let n(o) = -2*o**2 + 12*o + 272. Let g be (15*35/(-525))/(1/(-15)). What is n(g)?
2
Let g(f) = f**2 - 14*f + 48. Let s(t) = -80*t - 1834. Let a be s(-23). Calculate g(a).
0
Let j = -76 + 83. Suppose j = 4*u + 3. Let w(y) = -2*y + 2. What is w(u)?
0
Let k be 5*(-2)/(-10)*-2. Let n(p) = 3*p**2 + 4*p + 11. Let s(x) = x**2 + 2*x + 5. Let m(b) = -3*n(b) + 7*s(b). Determine m(k).
-10
Let y(z) = 2*z**2 - 2*z + 6. Let l(q) = -9*q**2 - 15*q - 23. Let o(v) = -l(v) - 4*y(v). Calculate o(-22).
-23
Let m(s) = -4*s - 4*s - 66 + 38 + 39. Suppose 3*n + 5*j = 1, -4*n + 9 = -14*j + 13*j. What is m(n)?
-5
Let g(j) = 2*j**2 - 2*j. Let c(v) = v**2 - 2*v + 1. Let m(l) = l**2 - 3*l + 2. Let q(f) = 5*c(f) - 2*m(f). Let n(z) = -5*g(z) + 3*q(z). Calculate n(-3).
0
Let a = -22080 - -22071. Let p(u) = -3*u**2 - 23*u + 33. Give p(a).
-3
Let t(b) = -4 + 6 - b + 2 + 0. Let z = 17 - 14. Let l be (z - 78/9) + 6/9. Determine t(l).
9
Let y be -8 + (-5 - -6)/1 + 45/6. Let f(m) be the second derivative of 0 + 21*m + 1/6*m**4 + 1/20*m**5 + 1/6*m**3 + y*m**2. Give f(-2).
-1
Suppose v